{"id":56,"date":"2017-12-12T10:55:12","date_gmt":"2017-12-12T14:55:12","guid":{"rendered":"http:\/\/ayuntamiento.guineo\/transparencia\/?page_id=56"},"modified":"2021-12-22T13:18:47","modified_gmt":"2021-12-22T17:18:47","slug":"derechos-de-los-ciudadanos","status":"publish","type":"page","link":"https:\/\/ayuntamientolosllanos.gob.do\/transparencia\/derechos-de-los-ciudadanos\/","title":{"rendered":"Derechos de los Ciudadanos"},"content":{"rendered":"<p><span style=\"font-size: 24pt\"><strong>Derechos de los Ciudadanos<\/strong><\/span><\/p>\n<p><span style=\"font-size: 14pt\"><strong><span style=\"font-size: 14pt\">Todo ciudadano (a) tiene derecho a:<\/span><br \/>\n<\/strong><\/span><\/p>\n<p>&nbsp;<\/p>\n<ol>\n<li style=\"text-align: justify\">Elegir y ser elegible de acuerdo a lo dispuesto en la Constituci\u00f3n, la Ley Electoral y esta ley.<\/li>\n<li style=\"text-align: justify\">Hacer uso de los servicios p\u00fablicos municipales en las condiciones establecidas en las ordenanzas y reglamentos municipales.<\/li>\n<li style=\"text-align: justify\">Exigir\u00a0 que las competencias propias, coordinadas y\/o delegadas sea prestadas con eficiencia, eficacia y transparencia ante el ayuntamiento, las instancias de lo contencioso administrativo, instancias de control interno y externo de la administraci\u00f3n p\u00fablica.<\/li>\n<li style=\"text-align: justify\">Participar en la gesti\u00f3n municipal de acuerdo con lo dispuesto en las leyes y reglamentos.<\/li>\n<li style=\"text-align: justify\">Consultar los archivos y registros de los ayuntamientos, as\u00ed como obtener copias y certificaciones de los documentos de dominio p\u00fablico municipal, conforme lo establecido en la Ley de Libre Acceso a la Informaci\u00f3n P\u00fablica.<\/li>\n<li style=\"text-align: justify\">Desarrollar y formar asociaciones\u00a0destinadas a al defensa de los intereses colectivos de \u00e1mbito comunitario.<\/li>\n<li style=\"text-align: justify\">Reclamar ante los \u00f3rganos de gobierno municipal contra los actos u omisiones de estos que les perjudiquen individual o colectivamente.<\/li>\n<li style=\"text-align: justify\">Cumplir con las ordenanzas y disposiciones municipales, con sus obligaciones tributarias y denunciar los hechos y actos que lesionen el patrimonio municipal.<\/li>\n<li style=\"text-align: justify\">Todos aquellos otros derechos\u00a0 y deberes previstos en la Constituci\u00f3n y las Leyes.<\/li>\n<\/ol>\n<blockquote>\n<p style=\"text-align: justify\">\n<\/blockquote>\n","protected":false},"excerpt":{"rendered":"Derechos de los Ciudadanos Todo ciudadano (a) tiene derecho a: &nbsp; Elegir y ser elegible de acuerdo a lo dispuesto en la Constituci\u00f3n, la Ley Electoral y esta ley. Hacer uso de los servicios p\u00fablicos municipales en las condiciones establecidas en las ordenanzas y reglamentos municipales. Exigir\u00a0 que las competencias propias, coordinadas y\/o delegadas sea&#8230;","protected":false},"author":3,"featured_media":0,"parent":0,"menu_order":0,"comment_status":"closed","ping_status":"closed","template":"","meta":[],"_links":{"self":[{"href":"https:\/\/ayuntamientolosllanos.gob.do\/transparencia\/wp-json\/wp\/v2\/pages\/56"}],"collection":[{"href":"https:\/\/ayuntamientolosllanos.gob.do\/transparencia\/wp-json\/wp\/v2\/pages"}],"about":[{"href":"https:\/\/ayuntamientolosllanos.gob.do\/transparencia\/wp-json\/wp\/v2\/types\/page"}],"author":[{"embeddable":true,"href":"https:\/\/ayuntamientolosllanos.gob.do\/transparencia\/wp-json\/wp\/v2\/users\/3"}],"replies":[{"embeddable":true,"href":"https:\/\/ayuntamientolosllanos.gob.do\/transparencia\/wp-json\/wp\/v2\/comments?post=56"}],"version-history":[{"count":3,"href":"https:\/\/ayuntamientolosllanos.gob.do\/transparencia\/wp-json\/wp\/v2\/pages\/56\/revisions"}],"predecessor-version":[{"id":598,"href":"https:\/\/ayuntamientolosllanos.gob.do\/transparencia\/wp-json\/wp\/v2\/pages\/56\/revisions\/598"}],"wp:attachment":[{"href":"https:\/\/ayuntamientolosllanos.gob.do\/transparencia\/wp-json\/wp\/v2\/media?parent=56"}],"curies":[{"name":"wp","href":"https:\/\/api.w.org\/{rel}","templated":true}]}}